st common divisor of v and 5?
5
Let s(g) = 4*g**2 - 11*g - 4. Suppose 0 = 2*u - 10, 4*u - 40 = -3*j - 2*j. Let i be s(j). Calculate the highest common factor of i and 40.
8
Suppose 5*j + 2*s = 60, 11*j = 8*j - 4*s + 50. Calculate the highest common divisor of 365 and j.
5
Suppose 0 = -3*p + 3*t + 63, 11*t - 8*t - 29 = -p. Suppose 5*w + v - 125 = -v, 2*v - 33 = -w. What is the highest common divisor of p and w?
23
Let m(o) = -7*o - 7. Let k be m(-11). Let g be (6/(-14))/((-10)/k). Let h be 6/(-2)*(-5)/g. Calculate the highest common divisor of h and 15.
5
Suppose -5*u + 2798 = -3*s + 958, 3*u - 3*s - 1104 = 0. Calculate the greatest common factor of 46 and u.
46
Let u(f) = -f**3 + f**2 + 2. Let c be ((-5)/(-10))/((-2)/8). Let k be u(c). Let q be 209/5 - (-3)/15. Calculate the highest common factor of k and q.
14
Suppose 0*m - 2*m = -2, 4*r + 4*m - 20 = 0. Let o(l) = -r + l**3 + 10*l**2 + l + 6 + 11. Let w be o(-10). Calculate the greatest common factor of w and 21.
3
Suppose 4*v = -2*a + 3*v + 185, -79 = -a - 5*v. Calculate the greatest common divisor of a and 611.
47
Let d = 69 - 141. Let y = d - -73. What is the greatest common divisor of y and 16?
1
Suppose -5*u + 2*n + 0*n + 64 = 0, -5*u = -5*n - 70. Calculate the greatest common divisor of 21 and u.
3
Let d(f) = -8*f + 8. Let h be d(-7). Suppose -2*p + 5*g + 44 = -3, 0 = -4*g - 12. Calculate the greatest common divisor of p and h.
16
Suppose 850 = -3*i + 8*i - 5*k, 5*k + 682 = 4*i. Calculate the greatest common divisor of i and 294.
42
Suppose 2*w - 3 - 11 = 0. Let c = 310 + -289. What is the greatest common factor of w and c?
7
Let l(j) = 9*j + 41. Let v be l(11). Suppose -3*p + 13*p - v = 0. Calculate the greatest common divisor of p and 28.
14
Suppose 0 = 3*y + 3*l - 231, 29*y + l - 237 = 26*y. Calculate the greatest common factor of 840 and y.
40
Suppose -16 = 4*y, 0 = 2*v + y - 19 + 1. Suppose p = -3*p + 12. Let d be -88*p/12*-2. What is the highest common factor of d and v?
11
Suppose -k - 4*k - 3*l = -10, 4*k - l - 8 = 0. Suppose q - 4*b - 12 = 0, -q - 10 = k*b - 40. What is the highest common divisor of 6 and q?
6
Let h = 261 - 111. Suppose 0*z - 1 = 4*x + 3*z, -4*x - 6 = 2*z. Let f be 24/(-9)*h/x. Calculate the highest common factor of f and 40.
20
Suppose -27*p + 1326 = 12*p. Suppose -145 = -y + 4*x - x, -695 = -5*y + 5*x. Calculate the highest common divisor of p and y.
34
Suppose -5*b - 390 = -2*b. Let o = 190 + b. Let d be 40/15*45/10. What is the highest common factor of d and o?
12
Let c(l) = -2*l + 41. Let k be c(11). Let v = -43 + 159. Suppose 2*p = -3*q + 117, -2*p + 2*q + v = 4*q. What is the greatest common factor of k and p?
19
Let o = -707 + 761. Suppose 5*h - 2*a - 407 = 0, 0 = -3*h - a + 131 + 111. Calculate the highest common divisor of o and h.
27
Let l be (2 - 5) + 8 - -7. Suppose 181 = 5*s + y, s + 0*s - y = 35. What is the highest common factor of s and l?
12
Let i(n) = 2*n**2 + n + 20. Let h be i(-4). Let s be 1/(-6) - 34/12. Let w = s + 19. Calculate the highest common divisor of h and w.
16
Suppose -160*o + 128*o + 1568 = 0. What is the greatest common factor of o and 224?
7
Let w(u) = -2*u**2 + 14*u + 2. Let l be w(15). Let g = 378 + l. What is the highest common divisor of 20 and g?
20
Let c = 1829 + -1736. Let y(u) = 6*u**2 - 3*u - 1. Let i be y(-3). What is the highest common divisor of c and i?
31
Let q(p) = -3*p**2 + p + 1. Let b be q(-1). Let n = b + 9. Let t(y) = 3*y + 114. Let f be t(-33). Calculate the greatest common factor of n and f.
3
Suppose -2*f + f + 3*r + 8 = 0, -5*f - 2 = -r. Let x be 19 - (0 + (-3)/f). Suppose 7*t + x = 9*t. What is the greatest common divisor of t and 56?
8
Let b be 50/5 - 4/(12/9). What is the highest common factor of b and 21?
7
Let n = 3 + 0. Suppose o = 5*q - 39, 5*o + 16 = 3*q - n. Let k be 4930/203 + (-8)/28. What is the greatest common factor of k and q?
8
Suppose 0 = -f + 3*k - 7, -2*k - 11 = 5*f + 58. Let c = f + 18. Calculate the greatest common divisor of 1 and c.
1
Let c(v) = 3*v**3 - 12*v**2 - 2*v - 4. Let h be c(7). What is the greatest common factor of h and 47?
47
Suppose -4*k + 26 = -6*k + 4*y, -2*k - 4*y = 42. Let o = k - -19. Calculate the highest common factor of 4 and o.
2
Let h = 51 - 27. Let r = 30 - h. Calculate the greatest common divisor of r and 42.
6
Let t = -148 - -153. Suppose 5*i - 227 = 2*a, 3*i + a - 179 = -i. Calculate the greatest common factor of t and i.
5
Let p be (28/84)/(4/180). Calculate the highest common divisor of p and 795.
15
Let d(l) = -l**2 - 9*l + 11. Let n be d(-8). Calculate the greatest common divisor of n and 152.
19
Suppose 23*t - 2*t - 6237 = 0. Calculate the highest common divisor of t and 11.
11
Suppose 35*q = 109*q - 142080. Calculate the highest common factor of q and 60.
60
Suppose 0 = 9*r - r - 56. Suppose 5*q + 79 = 324. What is the highest common divisor of q and r?
7
Let r be (-30*1)/(1*-1). Suppose -3*y = -7*y - 96. Let x be (y/(-10))/(9/r). Calculate the highest common divisor of x and 88.
8
Let y = 73 - 19. Suppose -2*q + 2*p + y = 0, 2*p = 3*q + 4*p - 61. What is the greatest common divisor of q and 161?
23
Let h = -23 - -23. Let l = 4 + h. Suppose -2*c - f + 93 = 0, 53 = l*c + 5*f - 124. What is the highest common factor of 32 and c?
16
Suppose 0 = -3*x + 15, -z - x - 115 = -304. Calculate the greatest common factor of z and 138.
46
Suppose 94 = 2*w + 5*l + 21, 105 = 5*w - 3*l. Calculate the greatest common factor of w and 276.
12
Let h = -12 - -14. Suppose 7*r + h*n = 2*r + 53, -4*r = -2*n - 28. Let a = r + -7. What is the highest common divisor of a and 6?
2
Let q be 0/4 + (-5 - -32). Calculate the highest common factor of q and 81.
27
Let z be -7 + (-5002)/(-14) + (-4)/14. What is the highest common divisor of z and 50?
50
Let v = -179 - -191. Calculate the highest common factor of v and 4.
4
Suppose 2*y - 3*b - b - 1744 = 0, 5*b - 3436 = -4*y. What is the highest common divisor of y and 27?
27
Suppose 14*c - 10*c - 276 = 0. What is the greatest common factor of 92 and c?
23
Let u(c) be the second derivative of 4*c**3/3 + 3*c**2 + 43*c. Let f be u(2). Calculate the highest common divisor of 242 and f.
22
Let w = 2676 - -133. What is the highest common factor of w and 53?
53
Let h(i) = 3*i**3 + 6*i**2 + 7*i + 6. Let n be h(-4). Let z = n - -228. Let d = 19 + -9. Calculate the greatest common divisor of z and d.
10
Suppose 0 = -x + 3. Let y(d) = d**2 + 24 + 5*d - x + 0*d + d. Let g be y(-6). Calculate the highest common divisor of g and 7.
7
Let o be (-16)/(-60)*-3*-30. Suppose -21 - 3 = -b. Let z be (b/(-10))/((-2)/30). What is the greatest common divisor of o and z?
12
Suppose -4*l - 32 = -2*q, -4*l = q + 2*q - 48. Suppose 10*g - 3*g = 1456. Calculate the greatest common divisor of g and q.
16
Suppose 0 = -s + 5*k + 43, -3*s - k + 39 = 2*k. Let l be ((-25)/15)/(1/s). Let o be (l/(-8))/(3/8). Calculate the greatest common factor of o and 90.
10
Suppose -2*g - 3*g - 230 = 0. Let q = -26 - g. What is the greatest common factor of 220 and q?
20
Suppose -3*g + 5*o = -145, 0*g + 5*o - 95 = -3*g. Let w = -625 + 635. What is the highest common divisor of w and g?
10
Suppose -10*a - 40*a = -5850. Suppose -30 - 6 = -4*p. What is the highest common divisor of p and a?
9
Suppose 4*w - 88 - 44 = 0. Let h(f) = -19*f**2 - f + 2. Let y be h(1). Let c be 176/(-12)*y/12. Calculate the highest common divisor of c and w.
11
Suppose -4*d - 5 = -1. Let r = d - -23. Let c(i) = i**3 + 4*i**2 - 2*i - 6. Let s be c(-4). Calculate the highest common factor of r and s.
2
Suppose 2*x - 3*p = 26, 0*x + 3*x - 41 = 5*p. Suppose -v + 3*v = -8, 2*u + 2*v = -6. Let k be 76 - 1*(0 - u). What is the greatest common divisor of x and k?
7
Suppose u = -4*n + 87, -3*n = -3*u + 6*u - 216. Let a be u/13 - 2/13. Let g be (a/(-4))/(1/(-16)). What is the highest common factor of 10 and g?
10
Let b = -450 - -1073. What is the greatest common factor of 712 and b?
89
Let u = 8 - -7. Let v = -64 - -169. Calculate the highest common divisor of v and u.
15
Suppose 14 = 3*k - 16. Suppose 24 = 5*v + 134. Let c = 102 + v. Calculate the highest common divisor of k and c.
10
Suppose 2*q - 4 = -2*x + 10, -2*q + 5*x - 14 = 0. Suppose -q*z + 5 = 2*z. What is the greatest common factor of z and 3?
1
Suppo